{"id":546,"date":"2020-08-26T03:14:51","date_gmt":"2020-08-26T03:14:51","guid":{"rendered":"https:\/\/elcristal.co\/?page_id=546"},"modified":"2025-06-01T22:13:57","modified_gmt":"2025-06-02T03:13:57","slug":"contact","status":"publish","type":"page","link":"https:\/\/elcristal.co\/?page_id=546","title":{"rendered":"Contacto, Direcci\u00f3n Tel\u00e9fonos El Cristal Peces y Acuarios"},"content":{"rendered":"\n<div class=\"wp-block-uagb-container uagb-block-47724a5d alignfull uagb-is-root-container\"><div class=\"uagb-container-inner-blocks-wrap\">\n<div class=\"wp-block-uagb-advanced-heading uagb-block-2c02248b\"><h1 class=\"uagb-heading-text\">Contactos<\/h1><\/div>\n<\/div><\/div>\n\n\n\n<div class=\"wp-block-uagb-container uagb-block-bf6a74c5 alignfull uagb-is-root-container\"><div class=\"uagb-container-inner-blocks-wrap\">\n<div class=\"wp-block-uagb-container uagb-block-70ada8c2\">\n<div class=\"wp-block-uagb-info-box uagb-block-478fb154 uagb-infobox__content-wrap  uagb-infobox-icon-above-title uagb-infobox-image-valign-top\"><div class=\"uagb-ifb-content\"><div class=\"uagb-ifb-title-wrap\"><h6 class=\"uagb-ifb-title-prefix\">\u00a1Gracias por ser parte de la comunidad El Cristal.co!<\/h6><h6 class=\"uagb-ifb-title\">Esperamos que este correo te encuentre bien. En El Cristal.co, valoramos la comunidad que hemos construido y apreciamos a cada uno de nuestros usuarios. Nos gustar\u00eda invitarte a compartir tu experiencia con nosotros.<br>Nos encantar\u00eda saber:<br>\u00bfC\u00f3mo descubriste \u00c9l Cristal.co?<br>\u00bfCu\u00e1l ha sido tu producto o secci\u00f3n favorita?<br>\u00bfHas tenido alguna experiencia notable o divertida usando nuestros servicios?<br>\u00bfTienes alguna sugerencia para mejorar tu experiencia en nuestro sitio?<\/h6><\/div><\/div><\/div>\n\n\n<div class=\"wpforms-container wpforms-block wpforms-block-010a5e4b-dd93-4d92-9a41-5a3213454fdc\" id=\"wpforms-2115\"><form id=\"wpforms-form-2115\" class=\"wpforms-validate wpforms-form\" data-formid=\"2115\" method=\"post\" enctype=\"multipart\/form-data\" action=\"\/index.php?rest_route=%2Fwp%2Fv2%2Fpages%2F546\" data-token=\"2692075fab3ae10fd36fc49d05fa9037\" data-token-time=\"1778070238\"><noscript class=\"wpforms-error-noscript\">Por favor, activa JavaScript en tu navegador para completar este formulario.<\/noscript><div class=\"wpforms-field-container\"><div id=\"wpforms-2115-field_1-container\" class=\"wpforms-field wpforms-field-name\" data-field-id=\"1\"><label class=\"wpforms-field-label\" for=\"wpforms-2115-field_1\">Nombre <span class=\"wpforms-required-label\">*<\/span><\/label><input type=\"text\" id=\"wpforms-2115-field_1\" class=\"wpforms-field-large wpforms-field-required\" name=\"wpforms[fields][1]\" required><\/div><div id=\"wpforms-2115-field_2-container\" class=\"wpforms-field wpforms-field-email\" data-field-id=\"2\"><label class=\"wpforms-field-label\" for=\"wpforms-2115-field_2\">Correo <span class=\"wpforms-required-label\">*<\/span><\/label><input type=\"email\" id=\"wpforms-2115-field_2\" class=\"wpforms-field-large wpforms-field-required\" name=\"wpforms[fields][2]\" spellcheck=\"false\" required><\/div><div id=\"wpforms-2115-field_3-container\" class=\"wpforms-field wpforms-field-textarea\" data-field-id=\"3\"><label class=\"wpforms-field-label\" for=\"wpforms-2115-field_3\">Mensaje <span class=\"wpforms-required-label\">*<\/span><\/label><textarea id=\"wpforms-2115-field_3\" class=\"wpforms-field-medium wpforms-field-required\" name=\"wpforms[fields][3]\" required><\/textarea><\/div><\/div><!-- .wpforms-field-container --><div class=\"wpforms-submit-container\" ><input type=\"hidden\" name=\"wpforms[id]\" value=\"2115\"><input type=\"hidden\" name=\"page_title\" value=\"\"><input type=\"hidden\" name=\"page_url\" value=\"https:\/\/elcristal.co\/index.php?rest_route=\/wp\/v2\/pages\/546\"><input type=\"hidden\" name=\"url_referer\" value=\"\"><button type=\"submit\" name=\"wpforms[submit]\" id=\"wpforms-submit-2115\" class=\"wpforms-submit\" data-alt-text=\"Enviando \" data-submit-text=\"ENVIAR\" aria-live=\"assertive\" value=\"wpforms-submit\">ENVIAR<\/button><\/div><\/form><\/div>  <!-- .wpforms-container --><\/div>\n<\/div><\/div>\n\n\n\n<div class=\"wp-block-uagb-container uagb-block-bd734bee alignfull uagb-is-root-container\"><div class=\"uagb-container-inner-blocks-wrap\">\n<div class=\"wp-block-uagb-container uagb-block-be88f793\">\n<div class=\"wp-block-uagb-container uagb-block-f46e46dc\">\n<div class=\"wp-block-uagb-advanced-heading uagb-block-c939de86\"><h2 class=\"uagb-heading-text\">Contacto<\/h2><p class=\"uagb-desc-text\">Nuestro equipo de atenci\u00f3n al cliente est\u00e1 disponible para ayudarte en cada paso del camino. Cont\u00e1ctanos por tel\u00e9fono, correo electr\u00f3nico o chat en vivo.<\/p><\/div>\n\n\n\n<div class=\"wp-block-uagb-buttons uagb-buttons__outer-wrap uagb-btn__default-btn uagb-btn-tablet__default-btn uagb-btn-mobile__default-btn uagb-block-40c80e84\"><div class=\"uagb-buttons__wrap uagb-buttons-layout-wrap \">\n<div data-aos= \"zoom-out\" data-aos-duration=\"400\" data-aos-delay=\"0\" data-aos-easing=\"ease\" data-aos-once=\"true\" class=\"wp-block-uagb-buttons-child uagb-buttons__outer-wrap uagb-block-00e20f89 wp-block-button\"><div class=\"uagb-button__wrapper\"><a class=\"uagb-buttons-repeater wp-block-button__link\" aria-label=\"\" href=\"https:\/\/elcristal.co\/?page_id=2427\" rel=\"follow noopener\" target=\"_self\" role=\"button\"><div class=\"uagb-button__link\">pOLITICA DE PRIVACIDAD<\/div><\/a><\/div><\/div>\n<\/div><\/div>\n\n\n\n<div class=\"wp-block-jetpack-send-a-message\">\n<div class=\"wp-block-jetpack-whatsapp-button is-color-dark\"><a class=\"whatsapp-block__button\" href=\"https:\/\/api.whatsapp.com\/send?phone=573148257330&amp;text=Agradecimiento%20y%20atenci%C3%B3n%20personalizada%3A%20%22%C2%A1Gracias%20por%20escribirnos!%20%F0%9F%99%8C%20Hemos%20recibido%20tu%20mensaje%20y%20pronto%20responderemos%20con%20toda%20la%20informaci%C3%B3n%20que%20necesitas.%0A\" style=\"background-color:#25D366;color:#fff\" target=\"_blank\" rel=\"noopener noreferrer\">Chat en WhatsApp<\/a><\/div>\n<\/div>\n<\/div>\n\n\n\n<div class=\"wp-block-uagb-container uagb-block-ab183d86\">\n<p><strong>Direcci\u00f3n:<\/strong> Carrera 1D #72-39 COMUNA 6, Cali, Valle del Cauca <strong>Tel\u00e9fono: <\/strong> <a href=\"https:\/\/www.google.com\/search?q=el+cristal+peces+y+acuarios&amp;rlz=1C1ALOY_esCO968CO968&amp;oq=el+cristal&amp;gs_lcrp=EgZjaHJvbWUqBggCECMYJzIGCAAQRRg5MgoIARAuGNQCGIAEMgYIAhAjGCcyCggDEC4Y1AIYgAQyBwgEEAAYgAQyBggFEEUYQTIGCAYQRRg8MgYIBxBFGDzSAQg1MTA1ajBqN6gCALACAA&amp;sourceid=chrome&amp;ie=UTF-8#\">314 8257330<\/a><\/p>\n\n\n\t\t\t<div \n\t\t\tclass=\"wp-block-uagb-google-map uagb-google-map__wrap uagb-block-6aaf27af     wp-block-uagb-google-map uagb-google-map__wrap uagb-block-6aaf27af\"\n\t\t\tstyle=\"\" >\n\t\t\t\t<embed\n\t\t\t\t\tclass=\"uagb-google-map__iframe\"\n\t\t\t\t\ttitle=\"Mapa de Google de\"\n\t\t\t\t\tsrc=\"https:\/\/maps.google.com\/maps?q=el%20cristal%20peces%20acuarios&#038;z=12&#038;hl=es&#038;t=m&#038;output=embed&#038;iwloc=near\"\n\t\t\t\t\twidth=\"640\"\n\t\t\t\t\theight=\"225\"\n\t\t\t\t\tloading=\"lazy\"\n\t\t\t\t><\/embed>\n\t\t\t<\/div>\n\t\t\t<\/div>\n<\/div>\n<\/div><\/div>\n","protected":false},"excerpt":{"rendered":"<p>Contactos Contacto Nuestro equipo de atenci\u00f3n al cliente est\u00e1 disponible para ayudarte en cada paso del camino. Cont\u00e1ctanos por tel\u00e9fono, correo electr\u00f3nico o chat en vivo. Direcci\u00f3n: Carrera 1D #72-39 COMUNA 6, Cali, Valle del Cauca Tel\u00e9fono: 314 8257330<\/p>\n","protected":false},"author":1,"featured_media":0,"parent":0,"menu_order":0,"comment_status":"closed","ping_status":"closed","template":"","meta":{"om_disable_all_campaigns":false,"_uag_custom_page_level_css":"","_background_id":0,"_xo_background":{"id":0,"size":"auto","position_x":"left","position_y":"top","color":"","gradient":"","custom_gradient":"","repeat":true,"attachment":true,"enable_color":false},"site-sidebar-layout":"no-sidebar","site-content-layout":"plain-container","ast-site-content-layout":"normal-width-container","site-content-style":"unboxed","site-sidebar-style":"unboxed","ast-global-header-display":"","ast-banner-title-visibility":"","ast-main-header-display":"","ast-hfb-above-header-display":"","ast-hfb-below-header-display":"","ast-hfb-mobile-header-display":"","site-post-title":"disabled","ast-breadcrumbs-content":"disabled","ast-featured-img":"disabled","footer-sml-layout":"","ast-disable-related-posts":"","theme-transparent-header-meta":"enabled","adv-header-id-meta":"","stick-header-meta":"","header-above-stick-meta":"","header-main-stick-meta":"","header-below-stick-meta":"","astra-migrate-meta-layouts":"set","ast-page-background-enabled":"default","ast-page-background-meta":{"desktop":{"background-color":"","background-image":"","background-repeat":"repeat","background-position":"center center","background-size":"auto","background-attachment":"scroll","background-type":"","background-media":"","overlay-type":"","overlay-color":"","overlay-opacity":"","overlay-gradient":""},"tablet":{"background-color":"","background-image":"","background-repeat":"repeat","background-position":"center center","background-size":"auto","background-attachment":"scroll","background-type":"","background-media":"","overlay-type":"","overlay-color":"","overlay-opacity":"","overlay-gradient":""},"mobile":{"background-color":"","background-image":"","background-repeat":"repeat","background-position":"center center","background-size":"auto","background-attachment":"scroll","background-type":"","background-media":"","overlay-type":"","overlay-color":"","overlay-opacity":"","overlay-gradient":""}},"ast-content-background-meta":{"desktop":{"background-color":"var(--ast-global-color-5)","background-image":"","background-repeat":"repeat","background-position":"center center","background-size":"auto","background-attachment":"scroll","background-type":"","background-media":"","overlay-type":"","overlay-color":"","overlay-opacity":"","overlay-gradient":""},"tablet":{"background-color":"var(--ast-global-color-5)","background-image":"","background-repeat":"repeat","background-position":"center center","background-size":"auto","background-attachment":"scroll","background-type":"","background-media":"","overlay-type":"","overlay-color":"","overlay-opacity":"","overlay-gradient":""},"mobile":{"background-color":"var(--ast-global-color-5)","background-image":"","background-repeat":"repeat","background-position":"center center","background-size":"auto","background-attachment":"scroll","background-type":"","background-media":"","overlay-type":"","overlay-color":"","overlay-opacity":"","overlay-gradient":""}},"footnotes":""},"class_list":["post-546","page","type-page","status-publish","hentry"],"aioseo_notices":[],"_hostinger_reach_plugin_has_subscription_block":false,"_hostinger_reach_plugin_is_elementor":false,"uagb_featured_image_src":{"full":false,"thumbnail":false,"medium":false,"medium_large":false,"large":false,"1536x1536":false,"2048x2048":false,"woocommerce_thumbnail":false,"woocommerce_single":false,"woocommerce_gallery_thumbnail":false},"uagb_author_info":{"display_name":"pecerasacuamaro","author_link":"https:\/\/elcristal.co\/?author=1"},"uagb_comment_info":0,"uagb_excerpt":"Contactos Contacto Nuestro equipo de atenci\u00f3n al cliente est\u00e1 disponible para ayudarte en cada paso del camino. Cont\u00e1ctanos por tel\u00e9fono, correo electr\u00f3nico o chat en vivo. Direcci\u00f3n: Carrera 1D #72-39 COMUNA 6, Cali, Valle del Cauca Tel\u00e9fono: 314 8257330","jetpack_sharing_enabled":true,"_links":{"self":[{"href":"https:\/\/elcristal.co\/index.php?rest_route=\/wp\/v2\/pages\/546","targetHints":{"allow":["GET"]}}],"collection":[{"href":"https:\/\/elcristal.co\/index.php?rest_route=\/wp\/v2\/pages"}],"about":[{"href":"https:\/\/elcristal.co\/index.php?rest_route=\/wp\/v2\/types\/page"}],"author":[{"embeddable":true,"href":"https:\/\/elcristal.co\/index.php?rest_route=\/wp\/v2\/users\/1"}],"replies":[{"embeddable":true,"href":"https:\/\/elcristal.co\/index.php?rest_route=%2Fwp%2Fv2%2Fcomments&post=546"}],"version-history":[{"count":20,"href":"https:\/\/elcristal.co\/index.php?rest_route=\/wp\/v2\/pages\/546\/revisions"}],"predecessor-version":[{"id":2439,"href":"https:\/\/elcristal.co\/index.php?rest_route=\/wp\/v2\/pages\/546\/revisions\/2439"}],"wp:attachment":[{"href":"https:\/\/elcristal.co\/index.php?rest_route=%2Fwp%2Fv2%2Fmedia&parent=546"}],"curies":[{"name":"wp","href":"https:\/\/api.w.org\/{rel}","templated":true}]}}